derivative of -w**3/3 - 7*w**2/2 - 6*w - 338. Give z(f).
6
Let g(v) = v**3 - 4*v**2 - 6*v - 2. Suppose 5*p = -0*p - 5. Let j be p/(3 - 32/10). Give g(j).
-7
Let k(s) = s**2 + 2. Let r(a) = a - 3. Let j be r(6). Suppose 0 = 2*q - j*q - 5. Let i(z) = -z**3 - 4*z**2 + 5*z - 2. Let d be i(q). Calculate k(d).
6
Suppose 3*k - 4 - 2 = 0. Let h(u) = 10*u - 2 - 4*u + u**2 - k*u + 1. Calculate h(-5).
4
Let r be 1/(3*2/18). Suppose -r*n = -8*n - 35. Let t = 11 + n. Let x(y) = -3*y + 4. What is x(t)?
-8
Let u(j) be the first derivative of -j**3/3 + 4*j - 326. Let c(z) = -3*z**3. Let b be c(-1). Determine u(b).
-5
Let z = 26 - 22. Let o(h) = -h + 4. Give o(z).
0
Let x(b) = 25*b**2 + 2*b - 1. Let t = 13 + -12. What is x(t)?
26
Suppose 2 = -2*a, 2*b - 8 = 5*b + 5*a. Let s(m) be the second derivative of -7/20*m**5 - 1/12*m**4 - 1/3*m**3 - 1/2*m**2 + 0 - 3*m. Give s(b).
7
Suppose -5*c = 2*w - 56, 0 = -5*c + 2*w - 3*w + 53. Let j(r) = -r**2 + 9*r + 7. What is j(c)?
-3
Let n(d) = -2*d - 5*d**2 - 2*d**2 + 4 - d - d**3 + 2*d**2. Let v be n(-3). Let a(m) = -m**3 - 5*m**2 + m + 4. What is a(v)?
-1
Let u(a) be the third derivative of 0 + 4*a**2 + 1/12*a**4 + 0*a**3 + 0*a. Suppose 0 = 2*b + b - 9. What is u(b)?
6
Suppose 5*d + 35 = 5*x, 4*d = 5*d + 5*x - 17. Let o(m) = m**2 + 2*m - 3. Determine o(d).
0
Let r(s) = s**3. Let l be -1 - 7/((-21)/18). Suppose -z - 2*z = 3. Let x(j) = 6*j**3 - j**2 - 2. Let c(d) = l*r(d) + z*x(d). Determine c(0).
2
Let c(k) = k**2 - 6*k - 6. Let q be c(7). Let w(z) = -4*z**2 + 1. Determine w(q).
-3
Suppose -4*a - 2*i = 3*i + 39, 4*a + 3*i + 33 = 0. Let c(b) = b**2 + 8*b + 8. Determine c(a).
-4
Suppose 1 = -2*x + x. Let d(y) = 4*y**2 + 4*y**2 - 6*y**2 + y + 3*y**3. Calculate d(x).
-2
Let r(v) = -4*v**3 - 4*v + 0*v**2 - 2 + 5*v**3 + 5*v**2 + 9. Determine r(-6).
-5
Let y(t) = -t**3 + 3*t**2 - 5*t. Let a(s) = 5*s**3 - 14*s**2 + 26*s + 1. Let n(j) = -2*a(j) - 11*y(j). What is n(4)?
-6
Let c(s) = 1 + 3*s**3 - 20*s**2 + 21*s**2 + 1 - s - 4*s**3. Give c(2).
-4
Let d(c) = c - 2. Let l(r) = -2*r + 4. Let j(g) = -5*d(g) - 3*l(g). What is j(5)?
3
Let b(z) = z**3 - 4*z**2 - 5*z + 5. Let r be b(5). Suppose -r*c = 32 + 13. Let l = c + 4. Let q(h) = h**2 + 6*h + 2. Determine q(l).
-3
Let s(z) = -z - 4. Let a be -9 + 5 - 0/1. Let b be 6/(-4) + 2/a. Let t be (0 + -1 + b)*1. What is s(t)?
-1
Let n(o) = o**3 - 2*o**2 - 3*o - 2. Let f(z) = -z + 11. Let b be f(8). Suppose -b*c + 0*c + 9 = 0. Determine n(c).
-2
Let t(l) = l**3 - l**2 + l + 1. Suppose -2*y + 30 = 4*y. Let w(o) = o**3 - 6*o**2 + 6*o - 6. Let h be w(y). What is t(h)?
-2
Let k(w) = 8*w + 16*w - 21*w + 4*w. Determine k(1).
7
Let r(x) be the first derivative of -x**5/20 + 5*x**4/12 - x**3/2 + x**2 - 3*x + 1. Let k(t) be the first derivative of r(t). Suppose d - 6 = -2. What is k(d)?
6
Let s(a) = 2*a - 2. Let x(l) = -9*l + 11. Let d(o) = -11*s(o) - 2*x(o). Give d(2).
-8
Let k(v) = -7*v + 5. Let q(r) = 15*r - 11. Let j(t) = -13*k(t) - 6*q(t). Give j(-7).
-6
Suppose 5*y - 3*y = 4. Let v(g) = 0*g - 5*g + y*g - 3 + 0*g. Give v(-2).
3
Let y(s) be the second derivative of -s**6/120 - s**5/10 - s**4/8 + s**3/6 + s**2/2 - 5*s. Let b(h) be the first derivative of y(h). What is b(-5)?
-9
Let p(c) = -c**3 + 5*c**2 - 4*c + 2. Let k be p(2). Suppose k*l = 3*l + 6. Suppose 2*a + 4*y = -28, -y = -2*a - l*y - 13. Let h(g) = -g**2 - 3*g - 4. Give h(a).
-8
Let n(b) be the second derivative of 5/12*b**4 - 1/20*b**5 + 0 - 1/2*b**3 + 2*b - 3/2*b**2. Determine n(3).
6
Let k(t) = -3*t + t**2 + t**3 + 5 + 0*t - 9*t**2 + 4*t. Determine k(8).
13
Let r(y) = -2*y**2 + y + 11. Let i be r(-9). Let o be i/(-30) + 2/3. Let a(x) = x**2 - 6*x - 2. Determine a(o).
-2
Let f = -1 + -2. Let y be (2 - (-10)/f)*-6. Suppose u = 5*u + y. Let i(w) = w**2 + 4*w. Determine i(u).
-4
Let g(v) = -v - 5. Let b be g(-7). Let d be -3 - (b + -2*5). Let f(a) = a**2 - a - 7. Determine f(d).
13
Let l be (1 - 0 - -6) + (-16)/4. Let c(w) be the first derivative of -3 + w**2 - 1/3*w**l + 2*w. What is c(3)?
-1
Let g = 2 + -6. Suppose 8 = 3*i - 2*h + h, 0 = -3*i - 4*h - 2. Let k = i + g. Let d(a) = -a**2 - a + 1. What is d(k)?
-1
Let r = 0 + 3. Let d(q) = -1 + 4*q + q**2 + 2 + 8*q**r - 2*q. Let i be -2 + 1 + 0/(-2). Give d(i).
-8
Suppose -11*g + 6*g + 30 = 0. Let j(i) = i**3 - 6*i**2 + 2*i - 9. What is j(g)?
3
Suppose 10*p - 5*p = 5. Suppose -p = 6*i + 11. Let s(h) = 0*h + 2*h + 4 - h. Determine s(i).
2
Let h(d) = -2*d + 2. Let a = -68 - -60. Calculate h(a).
18
Let b(a) be the first derivative of -3*a**2 - 3 + 4/3*a**3 + 1/4*a**4 - 6*a. Give b(-5).
-1
Let k = -14 + 10. Let b(c) be the first derivative of -1/3*c**3 - 6*c + 1 - 3*c**2. Calculate b(k).
2
Let u(t) = -2*t - 3. Suppose 3*a = -3*b - 27, 0*a + 5*a = 2*b - 17. Let n(o) = -o**3 - 6*o**2 - 3*o + 5. Let i be n(a). Give u(i).
7
Suppose 0 = j + x, 4*x - 1 = -5*j + 4. Let p(l) = l**3 - 5*l**2 - l + 1. Give p(j).
-4
Suppose 2*v + 3*f = 3 - 1, 2*v + f - 6 = 0. Let t(h) = 3*h - v*h - 3 + 5*h. What is t(3)?
9
Let b(z) be the third derivative of 0 - 1/60*z**5 - 5/6*z**3 + 0*z + 7*z**2 + 1/6*z**4. Give b(4).
-5
Let q = 12 - 7. Suppose -9 = -4*u - q. Let l(j) = 11*j**3 - 2*j + 1 + 2*j - 2*j**2. Determine l(u).
10
Let y(h) = h**2 + 7*h. Let q(m) = m**3 + 2*m - 5. Let j be q(0). What is y(j)?
-10
Suppose 1 = 5*j - 4. Suppose -j = -2*u + 1. Let h(t) = t**2 - 2*t + 1. Calculate h(u).
0
Let t(j) = 5 - 6 + 3*j**3 - 4*j**3. Determine t(-1).
0
Let n(h) = 12*h - 1. Suppose 0 = -14*k + 10*k - 4. Determine n(k).
-13
Suppose -5*p = 2*w + w - 25, -5*p = w - 25. Let r(k) = -k**3 + 5*k**2 - k - 1. Determine r(p).
-6
Let r = -7 + 8. Let c(z) = -z + 3 + r + 4 - 9. Suppose -2*x + 2 = -2*m - 5*x, 3*m + 5*x + 2 = 0. Calculate c(m).
3
Let a(i) = -i**2 + 17*i - 56. Let n be a(12). Let o(s) = -s + 5. Give o(n).
1
Let d be (-4 - -3 - 0)*-3. Let q(i) = -i**3 - 2*i - 6*i**2 + i**2 + 0*i**3 - d. Give q(-4).
-11
Let t be (1/(-3))/(2/6). Let b(d) = d + 1. Let a(g) = g**3 + 5*g**2 + 5*g + 6. Let k(c) = t*a(c) + 6*b(c). Give k(-5).
-5
Let m(l) = l**2 + 7*l + 12. Let y be m(-5). Let h(n) = n**2 - 2*n - 1. What is h(y)?
-1
Suppose 2 = -8*h + 2. Let v(j) = j**3 + j**2 - j + 5. Give v(h).
5
Let z(l) be the third derivative of -l**7/2520 - l**6/144 + l**5/60 + 5*l**4/24 - 2*l**2. Let d(y) be the second derivative of z(y). Give d(-6).
-4
Let z(o) = 2*o**3 - 3*o + 3. Suppose -r + 4 = -2*r. Let v = r + 3. Let g(j) = j**3 + 1. Let n(k) = v*z(k) + g(k). Calculate n(2).
-4
Let c(w) = w + 9. Let b be c(-13). Let n(h) = 5 - 2*h + h + 0*h - h**2. Calculate n(b).
-7
Let q(x) = -3*x + 6*x + x**3 + 2 + 3*x - 4 - 6*x**2. What is q(5)?
3
Suppose -2*b = 5*c - 1, -c - 4 = 3*b - 12. Let j(v) be the second derivative of v**4/12 - 5*v**3/6 - 3*v**2/2 + v. Calculate j(b).
-9
Let m(b) = -b**2 + 2*b - 3. Suppose -5*d - 8 = -d. Suppose 2*z + 6 = -4, -7 = 2*t + 3*z. Let a = d + t. Determine m(a).
-3
Suppose -2*s + 5*q + 8 = 0, -3*s - 2*q + 12 = -5*q. Let o(h) = -5*h + 5. Determine o(s).
-15
Let b be ((-6)/(-5))/((-4)/(-10)). Let v(r) = -35 - r + r**b - 5*r**2 + 35. Calculate v(5).
-5
Let w(v) = -v**2 - 3*v + 1. Let a be 1/(2 - (-15)/(-9)). Suppose 5*j + 6 = a*j. Let l be (3/j)/((-2)/(-8)). Determine w(l).
-3
Let q = -13 + 19. Let g(f) = f**3 - 5*f**2 - 7*f + 4. Let p be g(q). Let b(u) = -2*u**2 - u + 1. Determine b(p).
-5
Let f(u) = u**2 + u + 8. Suppose 0*o + o = 0. Give f(o).
8
Let w(f) be the third derivative of -f**6/120 - f**5/30 + f**3/6 - 10*f**2. Suppose r + 2*t + 6 = -3, 15 = -3*r - 3*t. Determine w(r).
0
Let v(x) = 18*x**2 - 2*x - 1. Suppose -h - 4*t + 1 - 14 = 0, 0 = -5*h + 3*t + 4. Calculate v(h).
19
Let r(w) = 4*w - w - 3*w + 2*w. What is r(-3)?
-6
Suppose -2*j - 3*j - 25 = 0. Let t = 6 + j. Let x(q) = 2*q**3 + 2*q**2 - 2*q + 1. Calculate x(t).
3
Let s(z) = z - z**3 + 3*z**2 + 1 + 2 + 2 - 8. Give s(3).
0
Let n(i) = -i**3 - i - 5. Let g(h) = 1. Let w(b) = -5*g(b) + n(b). Calculate w(0).
-10
Let w(f) = 7*f**2 - 3*f - 2*f - 10*f**3 + 1 + 0 + 9*f**3. Determine w(6).
7
Let p(m) = -m**2. Suppose 0 = u - 3*d - 16, 0 = -3*u + 2*d + 2 + 11. Let y be p(u). Let c(x) = -7*x**2 - x. Determine c(y).
-6
Let t(o) = -o**3 + o**2 + 1. Let g(w) = -4*w**3 - w**2 + 4*w + 3. Let b(k) = g(k) - 5*t(k). What is b(5)?
-7
Let z(f) = f**2 + 6*f + 1. Suppose 4*n - d + 2*d = -34, 22 = -2